{"id":53,"date":"2023-05-01T22:38:12","date_gmt":"2023-05-01T21:38:12","guid":{"rendered":"https:\/\/comitedesfetes-stdenisenval.fr\/?page_id=53"},"modified":"2023-05-01T22:43:36","modified_gmt":"2023-05-01T21:43:36","slug":"actualites","status":"publish","type":"page","link":"https:\/\/comitedesfetes-stdenisenval.fr\/?page_id=53","title":{"rendered":"Actualit\u00e9s"},"content":{"rendered":"<ul class=\"wp-block-latest-posts__list has-dates wp-block-latest-posts is-layout-flow wp-block-latest-posts-is-layout-flow\"><li><a class=\"wp-block-latest-posts__post-title\" href=\"https:\/\/comitedesfetes-stdenisenval.fr\/?p=356\">F\u00eate de la St Denis. Programme des animations<\/a><time datetime=\"2024-08-29T19:37:33+01:00\" class=\"wp-block-latest-posts__post-date\">29\/08\/2024<\/time><div class=\"wp-block-latest-posts__post-excerpt\">Samedi 5 octobre de 14h \u00e0 17h : jeux pour les enfants de moins de 12 ans, avec gouter et boisson offerts. Dimanche 6 octobre de 8h \u00e0 19h : vide grenier, exposition de commer\u00e7ants et artisans. Exposition \u00e0 la salle de la Montjoie ( La vie de Petit Pierre, et ateliers et traditions populaires, par la Maison des Provinces). Toute la journ\u00e9e, buvette, restauration, et cr\u00e8pes !!! Pr\u00e9sence de notre habituel et excellent fabricant de boudin (avis aux amateurs) ! D\u00e9ambulations de la compagnie Karnavage (musique, fantaisie, jonglage et bonne humeur). Et bien entendu, la traditionnelle f\u00eate foraine sera ouverte le samedi apr\u00e8s-midi et dimanche toute la journ\u00e9e. Nous vous attendons tous, tr\u00e8s nombreux !!! A bient\u00f4t !<\/div><\/li>\n<li><a class=\"wp-block-latest-posts__post-title\" href=\"https:\/\/comitedesfetes-stdenisenval.fr\/?p=350\">F\u00eate de la St Denis.<\/a><time datetime=\"2024-08-29T09:59:04+01:00\" class=\"wp-block-latest-posts__post-date\">29\/08\/2024<\/time><div class=\"wp-block-latest-posts__post-excerpt\">Organisation du vide greniers : Le r\u00e8glement du vide grenier, ainsi que le bulletin d&rsquo;inscription se trouvent ci-dessous. (Cliquez sur le titre pour acc\u00e9der aux documents.) Inscriptions aux permanences du Comit\u00e9 \u00e0 la grange, rue de la Morpoix, voir les dates et horaires sur le r\u00e8glement int\u00e9rieur.<\/div><\/li>\n<li><a class=\"wp-block-latest-posts__post-title\" href=\"https:\/\/comitedesfetes-stdenisenval.fr\/?p=346\">March\u00e9 gourmand et soir\u00e9e nocturne.<\/a><time datetime=\"2024-06-11T08:43:17+01:00\" class=\"wp-block-latest-posts__post-date\">11\/06\/2024<\/time><div class=\"wp-block-latest-posts__post-excerpt\">A partir de 17 heures, vous \u00eates attendus nombreux, place du 8 mai, pour cette soir\u00e9e festive et gourmande. March\u00e9 de produits locaux, jeux gratuits pour enfants (structure gonflable et mini karts \u00e0 p\u00e9dales), animation musicale, karaok\u00e8, et soir\u00e9e dansante par DJ professionnel. Et bien s\u00fbr, buvette et restauration pour petits et grands&#8230;. nous avons invit\u00e9 le soleil !<\/div><\/li>\n<li><a class=\"wp-block-latest-posts__post-title\" href=\"https:\/\/comitedesfetes-stdenisenval.fr\/?p=320\">LOTO du 24 f\u00e9vrier.<\/a><time datetime=\"2024-01-16T18:28:38+01:00\" class=\"wp-block-latest-posts__post-date\">16\/01\/2024<\/time><div class=\"wp-block-latest-posts__post-excerpt\">Le Comit\u00e9 des F\u00eates de St Denis en Val organise un GRAND LOTO, le 24 f\u00e9vrier 2024 \u00e0 20h30, \u00e0 la salle PIERRE LANSON (ouverture des portes \u00e0 19h00). Premier lot d&rsquo;une valeur de 700 euros, et de nombreux autres lots (bons d&rsquo;achats, \u00e9lectrom\u00e9nagers etc&#8230;) 12 parties au carton plein, 3 lots par partie, BINGO, partie am\u00e9ricaine. 4\u20ac le carton, 16\u20ac les 5, 20\u20ac les 7 : paiement par CB accept\u00e9 ou ch\u00e8que (avec carte identit\u00e9). Buvette, casse-croute, p\u00e2tisseries&#8230;. VENEZ NOMBREUX<\/div><\/li>\n<li><a class=\"wp-block-latest-posts__post-title\" href=\"https:\/\/comitedesfetes-stdenisenval.fr\/?p=283\">Un petit r\u00e9sum\u00e9 en photos de la F\u00eate de la St Denis<\/a><time datetime=\"2023-10-13T10:53:31+01:00\" class=\"wp-block-latest-posts__post-date\">13\/10\/2023<\/time><div class=\"wp-block-latest-posts__post-excerpt\"><\/div><\/li>\n<\/ul>","protected":false},"excerpt":{"rendered":"","protected":false},"author":1,"featured_media":0,"parent":0,"menu_order":0,"comment_status":"closed","ping_status":"closed","template":"","meta":{"footnotes":""},"class_list":["post-53","page","type-page","status-publish","hentry"],"yoast_head":"<!-- This site is optimized with the Yoast SEO plugin v22.7 - https:\/\/yoast.com\/wordpress\/plugins\/seo\/ -->\n<title>Actualit\u00e9s - Comit\u00e9 des f\u00eates de Saint-Denis en Val<\/title>\n<meta name=\"robots\" content=\"index, follow, max-snippet:-1, max-image-preview:large, max-video-preview:-1\" \/>\n<link rel=\"canonical\" href=\"https:\/\/comitedesfetes-stdenisenval.fr\/?page_id=53\" \/>\n<meta property=\"og:locale\" content=\"fr_FR\" \/>\n<meta property=\"og:type\" content=\"article\" \/>\n<meta property=\"og:title\" content=\"Actualit\u00e9s - Comit\u00e9 des f\u00eates de Saint-Denis en Val\" \/>\n<meta property=\"og:url\" content=\"https:\/\/comitedesfetes-stdenisenval.fr\/?page_id=53\" \/>\n<meta property=\"og:site_name\" content=\"Comit\u00e9 des f\u00eates de Saint-Denis en Val\" \/>\n<meta property=\"article:modified_time\" content=\"2023-05-01T21:43:36+00:00\" \/>\n<meta name=\"twitter:card\" content=\"summary_large_image\" \/>\n<script type=\"application\/ld+json\" class=\"yoast-schema-graph\">{\"@context\":\"https:\/\/schema.org\",\"@graph\":[{\"@type\":\"WebPage\",\"@id\":\"https:\/\/comitedesfetes-stdenisenval.fr\/?page_id=53\",\"url\":\"https:\/\/comitedesfetes-stdenisenval.fr\/?page_id=53\",\"name\":\"Actualit\u00e9s - Comit\u00e9 des f\u00eates de Saint-Denis en Val\",\"isPartOf\":{\"@id\":\"https:\/\/comitedesfetes-stdenisenval.fr\/#website\"},\"datePublished\":\"2023-05-01T21:38:12+00:00\",\"dateModified\":\"2023-05-01T21:43:36+00:00\",\"breadcrumb\":{\"@id\":\"https:\/\/comitedesfetes-stdenisenval.fr\/?page_id=53#breadcrumb\"},\"inLanguage\":\"fr-FR\",\"potentialAction\":[{\"@type\":\"ReadAction\",\"target\":[\"https:\/\/comitedesfetes-stdenisenval.fr\/?page_id=53\"]}]},{\"@type\":\"BreadcrumbList\",\"@id\":\"https:\/\/comitedesfetes-stdenisenval.fr\/?page_id=53#breadcrumb\",\"itemListElement\":[{\"@type\":\"ListItem\",\"position\":1,\"name\":\"Accueil\",\"item\":\"https:\/\/comitedesfetes-stdenisenval.fr\/\"},{\"@type\":\"ListItem\",\"position\":2,\"name\":\"Actualit\u00e9s\"}]},{\"@type\":\"WebSite\",\"@id\":\"https:\/\/comitedesfetes-stdenisenval.fr\/#website\",\"url\":\"https:\/\/comitedesfetes-stdenisenval.fr\/\",\"name\":\"Comit\u00e9 des f\u00eates de Saint-Denis en Val\",\"description\":\"\",\"publisher\":{\"@id\":\"https:\/\/comitedesfetes-stdenisenval.fr\/#organization\"},\"potentialAction\":[{\"@type\":\"SearchAction\",\"target\":{\"@type\":\"EntryPoint\",\"urlTemplate\":\"https:\/\/comitedesfetes-stdenisenval.fr\/?s={search_term_string}\"},\"query-input\":\"required name=search_term_string\"}],\"inLanguage\":\"fr-FR\"},{\"@type\":\"Organization\",\"@id\":\"https:\/\/comitedesfetes-stdenisenval.fr\/#organization\",\"name\":\"Comit\u00e9 des f\u00eates de Saint-Denis en Val\",\"url\":\"https:\/\/comitedesfetes-stdenisenval.fr\/\",\"logo\":{\"@type\":\"ImageObject\",\"inLanguage\":\"fr-FR\",\"@id\":\"https:\/\/comitedesfetes-stdenisenval.fr\/#\/schema\/logo\/image\/\",\"url\":\"https:\/\/comitedesfetes-stdenisenval.fr\/wp-content\/uploads\/2023\/03\/cropped-cropped-logo_cdf_stdenis.jpg\",\"contentUrl\":\"https:\/\/comitedesfetes-stdenisenval.fr\/wp-content\/uploads\/2023\/03\/cropped-cropped-logo_cdf_stdenis.jpg\",\"width\":390,\"height\":384,\"caption\":\"Comit\u00e9 des f\u00eates de Saint-Denis en Val\"},\"image\":{\"@id\":\"https:\/\/comitedesfetes-stdenisenval.fr\/#\/schema\/logo\/image\/\"}}]}<\/script>\n<!-- \/ Yoast SEO plugin. -->","yoast_head_json":{"title":"Actualit\u00e9s - Comit\u00e9 des f\u00eates de Saint-Denis en Val","robots":{"index":"index","follow":"follow","max-snippet":"max-snippet:-1","max-image-preview":"max-image-preview:large","max-video-preview":"max-video-preview:-1"},"canonical":"https:\/\/comitedesfetes-stdenisenval.fr\/?page_id=53","og_locale":"fr_FR","og_type":"article","og_title":"Actualit\u00e9s - Comit\u00e9 des f\u00eates de Saint-Denis en Val","og_url":"https:\/\/comitedesfetes-stdenisenval.fr\/?page_id=53","og_site_name":"Comit\u00e9 des f\u00eates de Saint-Denis en Val","article_modified_time":"2023-05-01T21:43:36+00:00","twitter_card":"summary_large_image","schema":{"@context":"https:\/\/schema.org","@graph":[{"@type":"WebPage","@id":"https:\/\/comitedesfetes-stdenisenval.fr\/?page_id=53","url":"https:\/\/comitedesfetes-stdenisenval.fr\/?page_id=53","name":"Actualit\u00e9s - Comit\u00e9 des f\u00eates de Saint-Denis en Val","isPartOf":{"@id":"https:\/\/comitedesfetes-stdenisenval.fr\/#website"},"datePublished":"2023-05-01T21:38:12+00:00","dateModified":"2023-05-01T21:43:36+00:00","breadcrumb":{"@id":"https:\/\/comitedesfetes-stdenisenval.fr\/?page_id=53#breadcrumb"},"inLanguage":"fr-FR","potentialAction":[{"@type":"ReadAction","target":["https:\/\/comitedesfetes-stdenisenval.fr\/?page_id=53"]}]},{"@type":"BreadcrumbList","@id":"https:\/\/comitedesfetes-stdenisenval.fr\/?page_id=53#breadcrumb","itemListElement":[{"@type":"ListItem","position":1,"name":"Accueil","item":"https:\/\/comitedesfetes-stdenisenval.fr\/"},{"@type":"ListItem","position":2,"name":"Actualit\u00e9s"}]},{"@type":"WebSite","@id":"https:\/\/comitedesfetes-stdenisenval.fr\/#website","url":"https:\/\/comitedesfetes-stdenisenval.fr\/","name":"Comit\u00e9 des f\u00eates de Saint-Denis en Val","description":"","publisher":{"@id":"https:\/\/comitedesfetes-stdenisenval.fr\/#organization"},"potentialAction":[{"@type":"SearchAction","target":{"@type":"EntryPoint","urlTemplate":"https:\/\/comitedesfetes-stdenisenval.fr\/?s={search_term_string}"},"query-input":"required name=search_term_string"}],"inLanguage":"fr-FR"},{"@type":"Organization","@id":"https:\/\/comitedesfetes-stdenisenval.fr\/#organization","name":"Comit\u00e9 des f\u00eates de Saint-Denis en Val","url":"https:\/\/comitedesfetes-stdenisenval.fr\/","logo":{"@type":"ImageObject","inLanguage":"fr-FR","@id":"https:\/\/comitedesfetes-stdenisenval.fr\/#\/schema\/logo\/image\/","url":"https:\/\/comitedesfetes-stdenisenval.fr\/wp-content\/uploads\/2023\/03\/cropped-cropped-logo_cdf_stdenis.jpg","contentUrl":"https:\/\/comitedesfetes-stdenisenval.fr\/wp-content\/uploads\/2023\/03\/cropped-cropped-logo_cdf_stdenis.jpg","width":390,"height":384,"caption":"Comit\u00e9 des f\u00eates de Saint-Denis en Val"},"image":{"@id":"https:\/\/comitedesfetes-stdenisenval.fr\/#\/schema\/logo\/image\/"}}]}},"_links":{"self":[{"href":"https:\/\/comitedesfetes-stdenisenval.fr\/index.php?rest_route=\/wp\/v2\/pages\/53","targetHints":{"allow":["GET"]}}],"collection":[{"href":"https:\/\/comitedesfetes-stdenisenval.fr\/index.php?rest_route=\/wp\/v2\/pages"}],"about":[{"href":"https:\/\/comitedesfetes-stdenisenval.fr\/index.php?rest_route=\/wp\/v2\/types\/page"}],"author":[{"embeddable":true,"href":"https:\/\/comitedesfetes-stdenisenval.fr\/index.php?rest_route=\/wp\/v2\/users\/1"}],"replies":[{"embeddable":true,"href":"https:\/\/comitedesfetes-stdenisenval.fr\/index.php?rest_route=%2Fwp%2Fv2%2Fcomments&post=53"}],"version-history":[{"count":3,"href":"https:\/\/comitedesfetes-stdenisenval.fr\/index.php?rest_route=\/wp\/v2\/pages\/53\/revisions"}],"predecessor-version":[{"id":60,"href":"https:\/\/comitedesfetes-stdenisenval.fr\/index.php?rest_route=\/wp\/v2\/pages\/53\/revisions\/60"}],"wp:attachment":[{"href":"https:\/\/comitedesfetes-stdenisenval.fr\/index.php?rest_route=%2Fwp%2Fv2%2Fmedia&parent=53"}],"curies":[{"name":"wp","href":"https:\/\/api.w.org\/{rel}","templated":true}]}}

Actualités

<ul class="wp-block-latest-posts__list has-dates wp-block-latest-posts is-layout-flow wp-block-latest-posts-is-layout-flow"><li><a class="wp-block-latest-posts__post-title" href="https://comitedesfetes-stdenisenval.fr/?p=356">Fête de la St Denis. Programme des animations</a><time datetime="2024-08-29T19:37:33+01:00" class="wp-block-latest-posts__post-date">29/08/2024</time><div class="wp-block-latest-posts__post-excerpt">Samedi 5 octobre de 14h à 17h : jeux pour les enfants de moins de 12 ans, avec gouter et boisson offerts. Dimanche 6 octobre de 8h à 19h : vide grenier, exposition de commerçants et artisans. Exposition à la salle de la Montjoie ( La vie de Petit Pierre, et ateliers et traditions populaires, par la Maison des Provinces). Toute la journée, buvette, restauration, et crèpes !!! Présence de notre habituel et excellent fabricant de boudin (avis aux amateurs) ! Déambulations de la compagnie Karnavage (musique, fantaisie, jonglage et bonne humeur). Et bien entendu, la traditionnelle fête foraine sera ouverte le samedi après-midi et dimanche toute la journée. Nous vous attendons tous, très nombreux !!! A bientôt !</div></li>
<li><a class="wp-block-latest-posts__post-title" href="https://comitedesfetes-stdenisenval.fr/?p=350">Fête de la St Denis.</a><time datetime="2024-08-29T09:59:04+01:00" class="wp-block-latest-posts__post-date">29/08/2024</time><div class="wp-block-latest-posts__post-excerpt">Organisation du vide greniers : Le règlement du vide grenier, ainsi que le bulletin d&rsquo;inscription se trouvent ci-dessous. (Cliquez sur le titre pour accéder aux documents.) Inscriptions aux permanences du Comité à la grange, rue de la Morpoix, voir les dates et horaires sur le règlement intérieur.</div></li>
<li><a class="wp-block-latest-posts__post-title" href="https://comitedesfetes-stdenisenval.fr/?p=346">Marché gourmand et soirée nocturne.</a><time datetime="2024-06-11T08:43:17+01:00" class="wp-block-latest-posts__post-date">11/06/2024</time><div class="wp-block-latest-posts__post-excerpt">A partir de 17 heures, vous êtes attendus nombreux, place du 8 mai, pour cette soirée festive et gourmande. Marché de produits locaux, jeux gratuits pour enfants (structure gonflable et mini karts à pédales), animation musicale, karaokè, et soirée dansante par DJ professionnel. Et bien sûr, buvette et restauration pour petits et grands&#8230;. nous avons invité le soleil !</div></li>
<li><a class="wp-block-latest-posts__post-title" href="https://comitedesfetes-stdenisenval.fr/?p=320">LOTO du 24 février.</a><time datetime="2024-01-16T18:28:38+01:00" class="wp-block-latest-posts__post-date">16/01/2024</time><div class="wp-block-latest-posts__post-excerpt">Le Comité des Fêtes de St Denis en Val organise un GRAND LOTO, le 24 février 2024 à 20h30, à la salle PIERRE LANSON (ouverture des portes à 19h00). Premier lot d&rsquo;une valeur de 700 euros, et de nombreux autres lots (bons d&rsquo;achats, électroménagers etc&#8230;) 12 parties au carton plein, 3 lots par partie, BINGO, partie américaine. 4€ le carton, 16€ les 5, 20€ les 7 : paiement par CB accepté ou chèque (avec carte identité). Buvette, casse-croute, pâtisseries&#8230;. VENEZ NOMBREUX</div></li>
<li><a class="wp-block-latest-posts__post-title" href="https://comitedesfetes-stdenisenval.fr/?p=283">Un petit résumé en photos de la Fête de la St Denis</a><time datetime="2023-10-13T10:53:31+01:00" class="wp-block-latest-posts__post-date">13/10/2023</time><div class="wp-block-latest-posts__post-excerpt"></div></li>
</ul>

<!-- This site is optimized with the Yoast SEO plugin v22.7 - https://yoast.com/wordpress/plugins/seo/ -->
<title>Actualités - Comité des fêtes de Saint-Denis en Val</title>
<meta name="robots" content="index, follow, max-snippet:-1, max-image-preview:large, max-video-preview:-1" />
<link rel="canonical" href="https://comitedesfetes-stdenisenval.fr/?page_id=53" />
<meta property="og:locale" content="fr_FR" />
<meta property="og:type" content="article" />
<meta property="og:title" content="Actualités - Comité des fêtes de Saint-Denis en Val" />
<meta property="og:url" content="https://comitedesfetes-stdenisenval.fr/?page_id=53" />
<meta property="og:site_name" content="Comité des fêtes de Saint-Denis en Val" />
<meta property="article:modified_time" content="2023-05-01T21:43:36+00:00" />
<meta name="twitter:card" content="summary_large_image" />
<script type="application/ld+json" class="yoast-schema-graph">{"@context":"https://schema.org","@graph":[{"@type":"WebPage","@id":"https://comitedesfetes-stdenisenval.fr/?page_id=53","url":"https://comitedesfetes-stdenisenval.fr/?page_id=53","name":"Actualités - Comité des fêtes de Saint-Denis en Val","isPartOf":{"@id":"https://comitedesfetes-stdenisenval.fr/#website"},"datePublished":"2023-05-01T21:38:12+00:00","dateModified":"2023-05-01T21:43:36+00:00","breadcrumb":{"@id":"https://comitedesfetes-stdenisenval.fr/?page_id=53#breadcrumb"},"inLanguage":"fr-FR","potentialAction":[{"@type":"ReadAction","target":["https://comitedesfetes-stdenisenval.fr/?page_id=53"]}]},{"@type":"BreadcrumbList","@id":"https://comitedesfetes-stdenisenval.fr/?page_id=53#breadcrumb","itemListElement":[{"@type":"ListItem","position":1,"name":"Accueil","item":"https://comitedesfetes-stdenisenval.fr/"},{"@type":"ListItem","position":2,"name":"Actualités"}]},{"@type":"WebSite","@id":"https://comitedesfetes-stdenisenval.fr/#website","url":"https://comitedesfetes-stdenisenval.fr/","name":"Comité des fêtes de Saint-Denis en Val","description":"","publisher":{"@id":"https://comitedesfetes-stdenisenval.fr/#organization"},"potentialAction":[{"@type":"SearchAction","target":{"@type":"EntryPoint","urlTemplate":"https://comitedesfetes-stdenisenval.fr/?s={search_term_string}"},"query-input":"required name=search_term_string"}],"inLanguage":"fr-FR"},{"@type":"Organization","@id":"https://comitedesfetes-stdenisenval.fr/#organization","name":"Comité des fêtes de Saint-Denis en Val","url":"https://comitedesfetes-stdenisenval.fr/","logo":{"@type":"ImageObject","inLanguage":"fr-FR","@id":"https://comitedesfetes-stdenisenval.fr/#/schema/logo/image/","url":"https://comitedesfetes-stdenisenval.fr/wp-content/uploads/2023/03/cropped-cropped-logo_cdf_stdenis.jpg","contentUrl":"https://comitedesfetes-stdenisenval.fr/wp-content/uploads/2023/03/cropped-cropped-logo_cdf_stdenis.jpg","width":390,"height":384,"caption":"Comité des fêtes de Saint-Denis en Val"},"image":{"@id":"https://comitedesfetes-stdenisenval.fr/#/schema/logo/image/"}}]}</script>
<!-- / Yoast SEO plugin. -->

Actualités - Comité des fêtes de Saint-Denis en Val

Comité des fêtes de Saint-Denis en Val
